*c**2 - 11*c + 5. Give n(-5).
-15
Let r(h) = -2*h + 20. Determine r(9).
2
Let l(j) = 30*j**3 + 2*j**2 - 1. Give l(-1).
-29
Let v(l) = 2*l**3 + l**2 + 6*l - 4. What is v(-3)?
-67
Let g(x) = -x**2 - 7*x. Determine g(-7).
0
Let m(p) = 25*p + 183. Calculate m(-7).
8
Let q(w) = -2*w + 10. Give q(10).
-10
Let o(j) = -j**2 + 8*j + 1. Determine o(7).
8
Let d(f) = -f**2 + 4*f + 18. Calculate d(8).
-14
Let d(t) = -t**2 - 24*t + 19. Give d(-25).
-6
Let m(h) = -h**2 + 14*h - 35. What is m(5)?
10
Let t(x) = -x**3 + 12*x**2 - 29*x + 19. Determine t(9).
1
Let n(u) = 2*u + 62. Determine n(-27).
8
Let o(c) = c**2 + 25*c + 30. Determine o(-24).
6
Let a(q) = -q**3 - 6*q**2 + 2*q + 6. Calculate a(-7).
41
Let q(b) = 8*b - 17. Calculate q(3).
7
Let y(w) = -w**3 + 10*w**2 - 6*w - 22. What is y(9)?
5
Let j(c) = -52*c - 256. Determine j(-5).
4
Let l(y) = -y**3 + 6*y**2 + 6*y - 5. What is l(5)?
50
Let q(r) = -r**3 - 11*r**2 + 11*r - 24. Give q(-12).
-12
Let a(v) = v**3 + 4*v**2 + 8*v + 4. Determine a(-3).
-11
Let g(y) = y**3 + 14*y**2 + 20*y + 41. Determine g(-13).
-50
Let n(k) = 3*k - 8. Determine n(12).
28
Let g(p) = 13*p + 232. Determine g(-18).
-2
Let s(j) = -j**2 - 5*j + 11. Determine s(-5).
11
Let p(x) = -x**2 - 2*x - 7. Calculate p(0).
-7
Let o(c) = -2*c - 14. Determine o(-11).
8
Let o(x) = x**3 - 10*x**2 - 12*x + 38. What is o(11)?
27
Let i(g) = 34*g - 106. Calculate i(3).
-4
Let s(b) = -b**2 + 2*b + 1. Give s(3).
-2
Let m(j) = -23*j + 75. What is m(3)?
6
Let t(w) = w + 2. What is t(4)?
6
Let d(k) = 2*k - 1. What is d(-8)?
-17
Let k(g) = -g - 4. Determine k(-9).
5
Let x(g) = -g**2 + 16*g + 26. Calculate x(18).
-10
Let a(q) = -9*q + 29. Give a(3).
2
Let u(o) = -o**3 - 4*o**2 + 8. Determine u(-4).
8
Let k(r) = r**2 + 26. What is k(0)?
26
Let r(q) = 7*q**2 + 34*q + 1. Determine r(-5).
6
Let l(j) = -j**3 - 3*j**2 + 67. What is l(0)?
67
Let t(c) = 5*c**3 - 3*c**2 - 5*c - 2. Give t(-2).
-44
Let s(q) = -q**3 - 31*q**2 - 54*q + 107. Give s(-29).
-9
Let m(b) = 10*b + 1. Determine m(-2).
-19
Let j(p) = p**3 + 16*p**2 + 24*p - 22. Give j(-14).
34
Let w(p) = -24*p - 6. Determine w(-3).
66
Let t(g) = -g**3 + 4*g**2 - 5*g + 11. Calculate t(3).
5
Let j(c) = -2*c**2 - 31*c - 69. Calculate j(-13).
-4
Let d(k) = -5*k - 21. What is d(0)?
-21
Let z(x) = x**2 + 12*x + 3. Determine z(-5).
-32
Let f(m) = -m**3 + 3*m**2 - 11*m - 5. What is f(4)?
-65
Let g(p) = 8*p + 260. Determine g(-32).
4
Let u(v) = v**3 + 6*v**2 + 4*v + 4. Determine u(-3).
19
Let b(w) = -w**2 - 10*w - 14. Calculate b(-8).
2
Let r(n) = -2*n + 10. Calculate r(1).
8
Let t(h) = -h**2 - 11*h - 18. What is t(-8)?
6
Let z(w) = -20*w + 136. Determine z(7).
-4
Let d(o) = -2*o - 4. Calculate d(-8).
12
Let i(d) = -d**3 - d**2 + 4*d + 1. Determine i(-3).
7
Let c(h) = h**3 - 7*h**2 - 9*h + 9. What is c(8)?
1
Let v(i) = -i**2 + 8*i - 1. Give v(5).
14
Let f(d) = -2*d**2 + 28*d - 18. Calculate f(14).
-18
Let h(o) = -o**3 - 9*o**2 + 11*o - 8. What is h(-10)?
-18
Let j(u) = -2*u**2 - 3*u - 2. Calculate j(-1).
-1
Let r(q) = -q**3 + 4*q**2 + 8*q - 9. Give r(2).
15
Let s(j) = 2*j - 3. Give s(5).
7
Let k(i) = 4*i**2 + 6*i + 6. Give k(-6).
114
Let g(p) = p**3 + 19*p**2 - 11. Calculate g(-19).
-11
Let c(i) = 2*i - 1. What is c(-3)?
-7
Let j(n) = 4*n + 13. Determine j(-7).
-15
Let m(x) = 7*x**2 + x + 2. Calculate m(-1).
8
Let y(t) = t**2 - 12*t + 15. Calculate y(11).
4
Let f(g) = g**2 - 18*g + 21. What is f(14)?
-35
Let g(h) = 4*h + 147. Determine g(-41).
-17
Let o(z) = 9*z + 12. Calculate o(-2).
-6
Let w(a) = -8*a + 22. Give w(4).
-10
Let q(b) = -b**3 + b**2 + b + 3. Determine q(2).
1
Let l(o) = 2*o**2 - 2*o. Calculate l(3).
12
Let k(f) = f**3 - 5*f**2 - 9*f - 9. Calculate k(6).
-27
Let l(r) = 5*r**2 + 9*r - 9. What is l(-3)?
9
Let z(o) = 2*o**2 + 14*o + 13. Calculate z(-5).
-7
Let g(x) = 2*x - 12. What is g(15)?
18
Let n(l) = -l**2 + 12*l - 23. Give n(8).
9
Let b(g) = 17*g + 114. Determine b(-6).
12
Let a(h) = -h**2 - 11*h - 20. Give a(-10).
-10
Let z(x) = -21*x + 110. Give z(6).
-16
Let n(l) = 2*l**3 + l**2 - l + 14. Calculate n(0).
14
Let x(y) = -y**3 + 8*y**2 + 13*y - 17. What is x(9)?
19
Let g(r) = -17*r - 44. What is g(-4)?
24
Let p(u) = -u**3 - 25*u**2 + 54*u + 34. Determine p(-27).
34
Let h(j) = -17*j - 1. Calculate h(3).
-52
Let s(d) = d - 8. Determine s(0).
-8
Let d(n) = -n**2 - 2*n + 39. Determine d(5).
4
Let q(p) = 3*p**2 + 26*p - 9. What is q(-9)?
0
Let r(g) = 3*g**2 - 23*g + 28. Determine r(6).
-2
Let n(v) = -10*v + 42. Determine n(4).
2
Let w(m) = 31*m**2 - 11*m + 2. Calculate w(1).
22
Let n(x) = 2*x - 2. Determine n(3).
4
Let y(i) = -i**3 - 3*i**2 + 36*i + 23. What is y(-7)?
-33
Let o(q) = q**3 + q - 50. Give o(0).
-50
Let c(f) = -6*f - 42. Determine c(-12).
30
Let m(p) = 6*p**2 + 38*p + 14. What is m(-6)?
2
Let p(g) = 2*g - 6. Calculate p(8).
10
Let y(h) = 2*h**3 + h**2 + h + 18. What is y(0)?
18
Let y(v) = v**3 + 31*v**2 + 32*v + 63. Give y(-30).
3
Let f(x) = x**3 - 8*x**2 + 9*x + 4. Give f(3).
-14
Let p(f) = -f**3 + 2*f**2 + 9*f - 5. Determine p(4).
-1
Let j(g) = -2*g**2 - 42*g - 18. Give j(-21).
-18
Let c(m) = -m**2 - 28*m + 211. What is c(6)?
7
Let s(d) = 45*d + 1. Determine s(1).
46
Let h(q) = -6*q - 2. Give h(0).
-2
Let s(q) = q**3 - 4*q**2 - 4*q. What is s(3)?
-21
Let z(a) = 11*a - 111. Calculate z(10).
-1
Let r(k) = -k**3 + 21*k + 2. Determine r(4).
22
Let v(c) = -c**2 - 3*c + 5. Determine v(-8).
-35
Let s(m) = -m**2 + 9*m. Determine s(8).
8
Let l(h) = -4*h**3 + 3*h - 2. What is l(1)?
-3
Let o(x) = x**3 + x**2 - 2*x + 4. What is o(3)?
34
Let f(v) = -2*v + 20. Calculate f(9).
2
Let d(l) = -l**3 + 2*l**2 + 3*l - 7. Determine d(3).
-7
Let c(f) = -4*f + 3. Determine c(6).
-21
Let i(p) = -p**3 - 12*p**2 - 5. Calculate i(-12).
-5
Let y(d) = 6*d - 126. Determine y(20).
-6
Let u(w) = 4*w**3 + w**2 + 31*w + 30. What is u(-1)?
-4
Let d(a) = a**2 - 13*a + 10. What is d(6)?
-32
Let i(u) = u**2 + 20*u + 8. Determine i(-19).
-11
Let q(x) = x**3 + 8*x**2 + 8*x - 3. Calculate q(-6).
21
Let o(w) = 3*w + 24. What is o(-10)?
-6
Let j(i) = -i**2 + 12*i. Give j(12).
0
Let m(w) = 57*w + 4. What is m(0)?
4
Let v(d) = -d**3 + 8*d**2 - 2*d + 26. Calculate v(8).
10
Let f(m) = -m**2 + 12*m + 2. What is f(5)?
37
Let r(x) = x**3 - 31*x**2 + 31*x - 30. Determine r(30).
0
Let y(c) = -31*c - 687. Give y(-22).
-5
Let y(o) = o**3 - 5*o**2 + 2*o - 6. Determine y(5).
4
Let b(g) = -g**3 - 9*g**2 + 17*g - 15. What is b(-11)?
40
Let z(k) = -40*k**3 - 2*k + 1. Determine z(1).
-41
Let h(p) = -2*p**2 - 2*p + 57. What is h(5)?
-3
Let p(m) = -m**3 + 5*m**2 + 5*m - 4. Give p(3).
29
Let o(d) = 5*d + 72. What is o(-9)?
27
Let i(d) = 40*d**2 - 4*d + 3. Determine i(2).
155
Let l(x) = 28*x**2 - 195*x - 1. Determine l(7).
6
Let x(i) = i**2 - 19*i - 18. What is x(-1)?
2
Let j(s) = s**2 - 57*s - 475. Give j(-7).
-27
Let d(v) = 7*v + 19. What is d(-4)?
-9
Let s(a) = 17*a + 150. Determine s(-9).
-3
Let p(o) = o**2 - 7*o + 1. Determine p(5).
-9
Let d(m) = 31*m - 873. Determine d(28).
-5
Let f(z) = -z**3 - 4*z**2 + z - 21. What is f(-5)?
-1
Let n(q) = q**2 + 5*q - 25. Give n(-5).
-25
Let c(d) = -2*d**2 + 4*d + 13. Give c(-6).
-83
Let v(l) = l**3 - 4*l**2 - l - 5. Give v(4).
-9
Let r(a) = a**3 + 25*a**2 + 22*a - 23. Give r(-24).
25
Let x(r) = -11*r**2 + 8*r + 6. Calculate x(-3).
-117
Let f(c) = 60*c - 539. Calculate f(9).
1
Let u(g) = g**2 + g + 3. Calculate u(-5).
23
Let i(k) = 2*k**2 - 3*k - 19. Give i(6).
35
Let u(t) = 10*t - 47. What is u(5)?
3
Let p(h) = 2*h**2 + 16*h - 12. Determine p(-9).
6
Let t(w) = w**3 + w**2 + 2*w. Calculate t(-1).
-2
Let r(i) = i + 9. What is r(-11)?
-2
Let k(s) = s**3 + 11*s**2 - 19*s - 37. What is k(-12)?
47
Let w(p) = 116*p - 572. Give w(5).
8
Let s(l) = 33*l**2 + l - 2. What is s(1)?
32
Let i(g) = -13*g**2 + 4*g - 3. Calculate i(3).
-108
Let f(n) = n**3 - 12*n**2 + 12*n - 4. Calculate f(11).
7
Let m(d) = 13*d - 2. Determine m(1).
11
Let t(n) = -n**3 + 8*n**2 + 8*n + 13. Give t(9).
4
Let c(y) = y - 17. Determine c(8).
-9
Let p(t) = -8*t - 7. Calculate p(-3).
17
Let l(u) = 8*u**2 + u + 1. Determine l(-1).
8
Let q(d) = 3*d + 6. Calculate q(-3).
-3
Let r(j) = j - 8. Calculate r(-2).
-10
Let t(k) = 11*k - 39. Give t(7).
38
Let y(r) = -r**3 + 3*r**2 - 4*r + 5. Calculate y(3).
-7
Let q(j) = 22*j - 34. What is q(2)?
10
Let t(d) = d**2 + 7*d